-3*o - 2*s + 904. Suppose 3*w + t - o = 2*t, -3*t - 3408 = -3*w. Is w a prime number?
False
Suppose m = 2*l - 72, -36 = -3*l + 4*m + 82. Let h = -18 + l. Suppose 59 = z + h. Is z a composite number?
False
Let j(i) = 4610*i + 217. Is j(24) prime?
False
Let i be 26 + (4 - (4 - -4)). Suppose -240 = -2*x + i. Is x prime?
True
Let v = -60 - -63. Suppose -2226 = -j + 5*b, -v*b = j + 408 - 2674. Is j composite?
False
Is (377/(-26) + 15)*(3627 - -1) a prime number?
False
Let u(i) = -4*i + 177. Is u(39) a composite number?
True
Let b(p) = 2*p + 58. Let i be b(-29). Suppose -3*v - 4*w + 121 = i, 0*w - 128 = -4*v + 3*w. Is v a prime number?
False
Let n = 26 + -20. Is 1341/n + 2/(-4) composite?
False
Let x(d) = -16*d - 1. Let w be x(-2). Let o be (-4)/(-1)*(-51)/(-3). Let s = o - w. Is s a composite number?
False
Let l = -10 + -8. Let a = -18 - l. Suppose a = 4*s - 3*s - 219. Is s a composite number?
True
Suppose 7*y = 11087 + 12426. Is y a prime number?
True
Let c(a) = 29*a**2 + 18*a + 6. Let y be c(-5). Let d = 1756 - y. Is d a composite number?
True
Let q(b) = -2*b**3 - 6 - 6*b**3 + 8*b**2 - 22*b + 9*b**3 + 8*b**2. Is q(-13) a composite number?
False
Suppose -6*o + z = -10*o + 7796, 2*o + 3*z - 3898 = 0. Is o a composite number?
False
Suppose -16 + 2 = 7*y. Let d(t) = -27*t**3 + 2*t - 1. Is d(y) composite?
False
Let l = 17 + -20. Let b(a) = -21*a**3 + 2*a**2 + 8*a + 4. Is b(l) a composite number?
True
Suppose 0 = 3*p - 15, 4053 = 5*x - 3*x + 5*p. Let r be 0 + 1 + (x - -8). Suppose -3*n - n = -12, 4*n + r = 5*s. Is s prime?
False
Suppose -8*f = -6*f - 4*y - 14310, 2*f - 14280 = -2*y. Is f composite?
True
Suppose 0 = 4*m + 19 - 23. Is ((-1)/m)/(15/(-2445)) composite?
False
Let o(z) = 261*z**3 + 1 - 2*z**2 + 0 + 6*z**2 - z. Let q(a) = 523*a**3 + 9*a**2 - 2*a + 2. Let d(l) = 7*o(l) - 3*q(l). Is d(1) a prime number?
False
Suppose -5*a + 29 = t, 18 = 3*a + 2*t + 2. Let y(z) = -32*z + 17. Let n(p) = -p + 1. Let i(q) = 6*n(q) - y(q). Is i(a) a prime number?
False
Suppose -2*d + 198 = 4*d. Suppose -31*s - 290 = -d*s. Is s a prime number?
False
Let j be 8/(2 - -2) - -3. Suppose j*h = 1271 + 3164. Is h a prime number?
True
Suppose -4*x + 0 = -20, -4*v = -2*x - 14. Let q be 2421/v + 12/(-8). Let u = q + 41. Is u composite?
False
Suppose -4*o + 3*f = -17, -3*o = -4*o - f + 13. Suppose -o*n = -5*n - 9. Suppose -n*q = -431 - 202. Is q composite?
False
Suppose -3*i = -i + m + 50, i + 2*m + 28 = 0. Is (-2)/(i/(-2031))*-4 composite?
False
Suppose -8*p = -7*p. Suppose -s + 4*s - 465 = p. Suppose 6*x = x + s. Is x a composite number?
False
Suppose -u - 18 = -69. Let g = u + -36. Suppose -18*k + 105 = -g*k. Is k prime?
False
Let k(i) = -6*i**3 - 8*i**2 + 2*i - 5. Let x = -16 + 10. Let a be k(x). Let c = a - 610. Is c a composite number?
True
Let l = 106 + -118. Is (-26)/12 - -2 - 5870/l composite?
True
Let i = 18490 - -5827. Is i prime?
True
Let w(m) = 4*m + 2. Let g be w(-10). Is g/(((-2)/(-22))/(2/(-4))) composite?
True
Let s = 6900 + -3241. Is s prime?
True
Let a be (-9 - -1)/(-4) - -262. Is (69/(-12))/((-6)/a) prime?
False
Let z be 1*(-1 + 3 + -139). Let l be 3955/15 - (-1)/3. Let n = z + l. Is n prime?
True
Suppose 2*w = 2*q + 8, 3*w + 4*q + 16 = -7. Let m be ((-25)/15)/(w/(-21)). Is (-9)/15 + (-3976)/m a composite number?
False
Let v(o) = 2*o**3 + 9*o**2 + 13*o + 9. Let p be v(-8). Let n be 2/5 - p/5. Suppose -n = -4*i + 3*i. Is i prime?
True
Let h be (-10)/30*(-6 + 0) + 6. Is -2*(1908/h)/(-9) a composite number?
False
Let q(l) = -603*l + 140. Is q(-5) a composite number?
True
Is 2/(-6) - (-3 - 7676/6) composite?
True
Let g(r) = 135*r**2 - 3*r - 19. Let x be g(5). Let l = 5698 - x. Is l composite?
False
Let b = 4706 + -1809. Is b composite?
False
Let q(v) = 21*v**2 - 14*v - 87. Is q(-16) a composite number?
True
Let h = -630 + 1339. Is h composite?
False
Let o = 10830 - -9119. Is o composite?
False
Suppose 2*w - 20711 = -f, -5*w + 8158 = 2*f - 33266. Is f composite?
False
Let f be 2 - (0 - 0/(-1)). Let r(g) = -g**2 + 6*g - 2. Let s be r(5). Suppose -5*u - 152 = -f*l, -350 + 100 = -s*l + 2*u. Is l a prime number?
False
Let v(u) = 2*u**2 - u - 3. Let r be v(3). Let g = -10 + r. Is ((-582)/(0 - 3))/g prime?
True
Suppose 4*a + 2610 = 13942. Is a composite?
False
Let f be (-1)/(4 + 243/(-61)). Let w be -2 + (f + 0 - 4). Is -2*(-2)/(-4)*w a prime number?
True
Suppose 2*u + z = -z - 58, -3*u = 2*z + 88. Let q be (-10766)/u + 10/75. Suppose 276 = a + 5*i - q, -2*a - 4*i = -1294. Is a prime?
False
Suppose 2*u - 7 = -2*n + 1, -4*u + 19 = 3*n. Suppose 5*m + 4714 = u*m. Is m a prime number?
True
Let x = 13389 + -8368. Is x composite?
False
Let l be 14/21 + (-4)/(-3). Suppose 4*w + 6*v - l*v = -352, 5*w + 420 = 5*v. Let i = w + 153. Is i prime?
True
Let l(k) = k. Let z(r) = -20*r + 2. Let u(m) = 3*l(m) + z(m). Suppose 0 = t + 19 - 12. Is u(t) a prime number?
False
Suppose 0*g - 3 = -g. Let u be 3/((2 - 0)/2). Suppose -g*i - t + 292 = 0, 4*i - 347 = -u*t + 44. Is i a composite number?
False
Let x(u) = -u + 2. Let n(r) = -2*r + 3. Let l(v) = 2*n(v) - 3*x(v). Let h(i) = 57*i - 5. Let g(c) = -h(c) + 6*l(c). Is g(-4) composite?
False
Let v(l) = -l**3 + l**2 + 2. Let h be v(0). Suppose -h*d = d. Suppose 4*i - i - 489 = d. Is i a prime number?
True
Is 6/2*(57066/9)/2 a prime number?
True
Let s(w) = 1387*w**2 + 6*w + 2. Is s(-5) a prime number?
False
Is ((-261380)/60)/((-1)/3) prime?
False
Suppose 2*i = 4*n - i + 27109, 4*n + 27114 = -2*i. Let b be n/(-6) - (-1)/3. Is b/(-10)*(0 + -1) prime?
True
Suppose -2*k = -3*k - 8. Let d = k - -3. Let n(r) = 11*r**2 + 8*r + 4. Is n(d) composite?
False
Let l = -46573 + 104692. Is l prime?
False
Is -1 + -10 + 5 + 5799 a prime number?
False
Let a(f) = 887*f - 165. Is a(28) prime?
True
Let n = 10577 - -4014. Is n prime?
True
Suppose 86588 = -6*g + 10*g. Is g composite?
False
Suppose 12 = -w + 4*w. Suppose w*p + 4*j + 752 = 0, 5*p - 4*p = -4*j - 200. Let f = p - -593. Is f a composite number?
False
Suppose -12*n = -3*n - 9. Is (12308/2 - n)*14/42 composite?
True
Let j be 7 - (1 + -4) - 2. Let n(w) = 160*w - 12. Let h be n(j). Suppose 4*u - h = -2*g - 238, 4*g = -4*u + 1024. Is u a composite number?
True
Suppose -5*y = 5*h - 15, 2*y = -4*h + 7*y + 3. Is (-278)/(-6) - (-3)/(h - 11) composite?
True
Is (10 + (-703 - 1))/(2/(-23)) prime?
False
Suppose -3*a - 2742 = -3*x, a - 929 = -x - a. Is x prime?
True
Suppose f = 5 - 1. Suppose f*u - p = -71, u + 0*u + 3*p + 21 = 0. Is (-2)/(4/u) - -1 prime?
False
Is 5 + -8*2/4 - -2745 a prime number?
False
Suppose 0 = 39*q - 42131 - 382774. Is q a composite number?
True
Let b = 25 - 12. Let w = b + -14. Let x(c) = -439*c**3 - c**2 - c. Is x(w) composite?
False
Let o(x) = -208*x + 397. Is o(-78) composite?
True
Let s(c) be the third derivative of c**4/2 - 11*c**3/6 + 5*c**2. Let g be s(7). Suppose d - g = 16. Is d prime?
True
Let s(g) = 52*g - 1. Let w = -5 + 4. Let j be s(w). Is j/((-1)/1*1) composite?
False
Suppose 28498 + 86187 = 5*w. Is w a prime number?
True
Let b(a) = a**2 - 13*a + 14. Let t be b(12). Let i(m) = 4*m + 2 + m**t + 2*m**2 + 3*m**2 - m**2. Is i(-2) prime?
False
Let u be -3 + 1 + 1 + 56. Suppose 2*t + 148 = -4*p, -2*p - 76 = t + t. Is (u/(-4))/(9/p) prime?
False
Suppose 0 = -5*i - 4*g + 27, 2*i - i + 2*g = 9. Is 1254 - -1 - 0/i prime?
False
Let n = -15 - -17. Let k(c) = 3*c**n + 8*c - 4 - 3 - c**3 + 6*c**2. Is k(8) composite?
True
Suppose -3*k - 4*c + 1017 = -2*c, 1029 = 3*k - 2*c. Suppose -o - k = -4*f, 5*f = 2*o - 244 + 671. Is f a prime number?
False
Let h(y) = -18*y**2 + 4*y - 3. Let m(s) = -17*s**2 + 5*s - 3. Let z(n) = -5*h(n) + 4*m(n). Is z(-2) prime?
False
Let u = -13 - -16. Let l be 51 - (12/u - 1). Suppose -7 = -5*x + l. Is x composite?
False
Is ((-12)/(-21))/(-1) - (-11499082)/98 a prime number?
False
Suppose 121241 = 38*j - 46301. Is j prime?
True
Let f(v) = 2*v**2 + 8*v + 9. Let z be f(-4). Suppose -388 = 5*o - z*o. Is o a composite number?
False
Suppose -3*b = -6*b + 60. Suppose b = 7*y - 2*y. Suppose -3*s - k + 36 = -y*k, 0 = s - 2*k - 13. Is s a prime number?
True
Let k(n) = n**2 - 6. Suppose -2*w = -3*s + 15, -2*w = 3*s + 2 - 5. Let j be k(w). Is (0 - j)/(12/(-88)) composite?
True
Suppose -t = -4*u + 46311, -6*t = -t - 25. Is u composite?
False
Suppose -39*x + 2*r + 49427 = -36*x, 